 482 is divided by 157?
11
What is the remainder when 361960 is divided by 92?
32
What is the remainder when 2069907 is divided by 45?
42
What is the remainder when 513 is divided by 437?
76
Calculate the remainder when 294495 is divided by 291.
3
What is the remainder when 467306 is divided by 27?
17
What is the remainder when 117023 is divided by 643?
640
Calculate the remainder when 25409 is divided by 257.
223
Calculate the remainder when 107716 is divided by 31.
22
Calculate the remainder when 93348 is divided by 203.
171
What is the remainder when 9988 is divided by 137?
124
What is the remainder when 30941 is divided by 5095?
371
What is the remainder when 501 is divided by 67?
32
Calculate the remainder when 15371 is divided by 124.
119
Calculate the remainder when 4815 is divided by 2185.
445
Calculate the remainder when 84620 is divided by 25.
20
What is the remainder when 70823 is divided by 6?
5
Calculate the remainder when 1221117 is divided by 12.
9
What is the remainder when 13556 is divided by 320?
116
Calculate the remainder when 5918 is divided by 497.
451
What is the remainder when 1448730 is divided by 14?
10
Calculate the remainder when 1282680 is divided by 19.
9
What is the remainder when 1250 is divided by 616?
18
What is the remainder when 24519 is divided by 69?
24
Calculate the remainder when 21915 is divided by 61.
16
Calculate the remainder when 4459 is divided by 124.
119
What is the remainder when 187759 is divided by 80?
79
What is the remainder when 18045 is divided by 94?
91
What is the remainder when 9644 is divided by 47?
9
What is the remainder when 111953 is divided by 178?
169
Calculate the remainder when 586701 is divided by 13644.
9
Calculate the remainder when 2137 is divided by 243.
193
What is the remainder when 6106 is divided by 67?
9
What is the remainder when 61388 is divided by 973?
89
What is the remainder when 7589 is divided by 584?
581
What is the remainder when 38533 is divided by 38470?
63
Calculate the remainder when 6245 is divided by 1234.
75
What is the remainder when 994 is divided by 747?
247
What is the remainder when 1272 is divided by 924?
348
What is the remainder when 37872 is divided by 101?
98
What is the remainder when 1036 is divided by 979?
57
What is the remainder when 32398 is divided by 200?
198
Calculate the remainder when 57682 is divided by 19.
17
What is the remainder when 728665 is divided by 132?
25
What is the remainder when 597662 is divided by 152?
150
Calculate the remainder when 32435 is divided by 230.
5
What is the remainder when 1653018 is divided by 71?
67
What is the remainder when 2643 is divided by 74?
53
Calculate the remainder when 6363 is divided by 253.
38
Calculate the remainder when 66149 is divided by 35.
34
Calculate the remainder when 1574346 is divided by 37.
33
What is the remainder when 53394 is divided by 17688?
330
Calculate the remainder when 2791 is divided by 380.
131
Calculate the remainder when 27068 is divided by 6747.
80
Calculate the remainder when 19038 is divided by 6333.
39
Calculate the remainder when 10772 is divided by 240.
212
What is the remainder when 15419 is divided by 7?
5
What is the remainder when 234260 is divided by 146?
76
What is the remainder when 18629 is divided by 3724?
9
What is the remainder when 2096698 is divided by 150?
148
Calculate the remainder when 96187 is divided by 4006.
43
Calculate the remainder when 45139 is divided by 384.
211
What is the remainder when 483671 is divided by 391?
4
Calculate the remainder when 45078 is divided by 15013.
39
What is the remainder when 140504 is divided by 140495?
9
Calculate the remainder when 66960 is divided by 119.
82
What is the remainder when 1832 is divided by 343?
117
Calculate the remainder when 60968 is divided by 19.
16
What is the remainder when 564825 is divided by 389?
386
Calculate the remainder when 7556 is divided by 7444.
112
Calculate the remainder when 4813017 is divided by 27.
24
What is the remainder when 22631 is divided by 7542?
5
Calculate the remainder when 292198 is divided by 58435.
23
Calculate the remainder when 62934 is divided by 27.
24
What is the remainder when 998 is divided by 948?
50
What is the remainder when 5627 is divided by 48?
11
Calculate the remainder when 78194 is divided by 6514.
26
Calculate the remainder when 38436 is divided by 375.
186
Calculate the remainder when 4388 is divided by 233.
194
What is the remainder when 9271 is divided by 11?
9
Calculate the remainder when 525445 is divided by 118.
109
Calculate the remainder when 5611 is divided by 1538.
997
Calculate the remainder when 19293 is divided by 2141.
24
What is the remainder when 4048 is divided by 808?
8
Calculate the remainder when 28149 is divided by 57.
48
What is the remainder when 11778 is divided by 11019?
759
What is the remainder when 13140 is divided by 321?
300
Calculate the remainder when 4565 is divided by 140.
85
What is the remainder when 687172 is divided by 56?
52
Calculate the remainder when 170842 is divided by 276.
274
Calculate the remainder when 4393 is divided by 337.
12
What is the remainder when 4707 is divided by 4692?
15
What is the remainder when 135303 is divided by 815?
13
What is the remainder when 56073 is divided by 4313?
4
What is the remainder when 7861 is divided by 14?
7
Calculate the remainder when 893951 is divided by 26.
19
What is the remainder when 80228 is divided by 125?
103
What is the remainder when 35303 is divided by 11635?
398
Calculate the remainder when 555 is divided by 196.
163
Calculate the remainder when 915660 is divided by 91.
18
What is the remainder when 15697 is divided by 477?
433
Calculate the remainder when 55141 is divided by 496.
85
Calculate the remainder when 1340 is divided by 113.
97
What is the remainder when 5819 is divided by 47?
38
What is the remainder when 2385 is divided by 1398?
987
Calculate the remainder when 366 is divided by 29.
18
What is the remainder when 12179 is divided by 277?
268
What is the remainder when 140215 is divided by 23362?
43
Calculate the remainder when 1412083 is divided by 13.
10
Calculate the remainder when 8822 is divided by 698.
446
What is the remainder when 168091 is divided by 84028?
35
What is the remainder when 69475 is divided by 1985?
0
Calculate the remainder when 363918 is divided by 216.
174
What is the remainder when 792925 is divided by 792912?
13
Calculate the remainder when 1875 is divided by 145.
135
Calculate the remainder when 36914 is divided by 244.
70
Calculate the remainder when 158012 is divided by 3224.
36
What is the remainder when 5666002 is divided by 69?
67
Calculate the remainder when 4133 is divided by 112.
101
Calculate the remainder when 606 is divided by 174.
84
What is the remainder when 572 is divided by 255?
62
Calculate the remainder when 1631 is divided by 351.
227
What is the remainder when 1489 is divided by 738?
13
What is the remainder when 51818 is divided by 23?
22
Calculate the remainder when 6951 is divided by 72.
39
What is the remainder when 4410189 is divided by 1470063?
0
What is the remainder when 1768 is divided by 798?
172
What is the remainder when 15366 is divided by 22?
10
What is the remainder when 189376 is divided by 18?
16
Calculate the remainder when 101847 is divided by 29.
28
Calculate the remainder when 1777 is divided by 132.
61
What is the remainder when 2307 is divided by 984?
339
Calculate the remainder when 3290741 is divided by 123.
122
Calculate the remainder when 8054 is divided by 179.
178
What is the remainder when 324741 is divided by 7?
4
What is the remainder when 19047 is divided by 705?
12
What is the remainder when 53600 is divided by 30?
20
Calculate the remainder when 7573 is divided by 1861.
129
Calculate the remainder when 690 is divided by 71.
51
What is the remainder when 247779 is divided by 3?
0
Calculate the remainder when 1547 is divided by 36.
35
What is the remainder when 384 is divided by 358?
26
Calculate the remainder when 42173 is divided by 89.
76
Calculate the remainder when 2412 is divided by 316.
200
Calculate the remainder when 3756 is divided by 426.
348
What is the remainder when 4995 is divided by 2491?
13
What is the remainder when 1770 is divi